Crea sito



MONTHLY CLIMATOLOGICAL SUMMARY for APR 2020
 Davis Vantage VUE   PLACE: genoa, IT
 ELEV: 80 m   LAT: 44.46 N   LONG: 8.97 E
TEMPERATURE (°C), RAIN (mm), WIND SPEED (kmh)
DAY MEAN
TEMP
HIGH TIME LOW TIME HEAT
DEG
DAYS
COOL
DEG
DAYS
RAIN AVG
WIND
SPEED
HIGH TIME DOM
DIR
1 8.4 12.9 02:30pm 3.1 07:00am 12.0 0.0 0.0 2.9 14.8 05:30pm NE
2 8.1 13.3 06:05pm 2.9 07:30am 11.9 0.0 0.0 2.6 10.4 03:10pm NNE
3 10.1 16.2 04:10pm 3.6 06:50am 10.1 0.0 0.0 3.0 11.3 05:30pm NNE
4 13.2 20.4 02:45pm 6.3 07:05am 6.8 0.1 0.0 3.5 13.0 03:50pm NNE
5 13.9 19.8 05:20pm 8.2 05:50am 6.0 0.0 0.0 3.5 17.4 01:40pm NNE
6 16.1 21.6 04:45pm 10.1 04:45am 4.6 0.4 0.0 4.1 15.7 08:50am NNW
7 16.7 23.3 04:10pm 10.1 07:20am 4.1 0.8 0.0 2.9 13.0 02:20pm NNE
8 16.3 23.0 05:40pm 9.8 06:15am 4.4 0.8 0.0 2.9 11.3 02:20pm NNE
9 11.9 12.7 01:15am 11.1 01:45am 8.1 0.0 0.0 3.2 7.0 01:00am NNE
10
11
12
13
14
15
16
17
18
19
20
21
22
23
24
25
26
27
28
29
30
12.8 23.3 7 2.9 2 67.9 2.1 0.0 3.2 17.4 5 NNE
 Max >= 30.0: 0
 Max <=  0.0: 0
 Min <=  0.0: 0
 Max Rain: 0.0 on 2020-04-09
 Days of Rain: 0 (> 0.1 mm) 0 (> 2.5 mm) 0 (> 10.0 mm)
 Heat Base: 20.0 Cool Base: 20.0


Design

Scegli stile...

Unità

Lingua



Icone


Temperatura

Umidità

Pressione

Velocità del vento

Raffica di vento

Precipitazioni

Radiazione solare

Neve

Temperatura apparente

Punto di rugiada

UV

Visibilità

Base nuvolosa

Evapotraspirazione

Indoor temperature

Indoor humidity


Alba

Tramonto

Alba lunare

Tramonto lunare

Time

Menu

Dal

Al

Schermo intero

Esporta come immagine

Settings

Homepage

Webcam

Table

Grafico

Mappa

Costante

Aumento

Diminuzione

Avviso

Latitudine

Longitudine

Cronologia

Eclissi solare

Eclissi di luna

GPS

Elevation

Giorno

Mese

Anno

Alta temperatura

Bassa temperatura

Giorno

Notte

Primavera

Estate

Autunno

Inverno