Crea sito



MONTHLY CLIMATOLOGICAL SUMMARY for SEP 2020
 Davis Vantage VUE   PLACE: genoa, IT
 ELEV: 80 m   LAT: 44.46 N   LONG: 8.97 E
TEMPERATURE (°C), RAIN (mm), WIND SPEED (kmh)
DAY MEAN
TEMP
HIGH TIME LOW TIME HEAT
DEG
DAYS
COOL
DEG
DAYS
RAIN AVG
WIND
SPEED
HIGH TIME DOM
DIR
1 19.8 23.9 02:25pm 15.5 06:00am 1.3 1.0 0.0 3.4 9.6 04:10pm NNW
2 19.3 26.0 12:30pm 16.3 04:10am 0.9 2.1 27.2 3.3 7.8 10:25pm NNW
3 21.1 27.1 02:40pm 16.2 07:35am 1.0 2.6 0.0 3.6 10.4 11:20am NNE
4 21.9 27.2 11:25am 16.5 06:50am 0.9 2.7 0.0 3.2 12.2 01:20pm NNE
5 22.0 26.9 11:35am 17.5 07:00am 0.6 2.8 0.0 3.9 12.2 01:35pm NNE
6 20.9 24.6 11:00am 16.4 07:35am 0.9 1.4 0.0 3.2 9.6 03:55pm NNE
7 20.8 24.4 12:20pm 16.4 03:20am 0.9 1.3 60.4 4.9 16.5 04:45pm NE
8 23.1 28.0 05:20pm 20.3 11:40pm 0.0 4.2 0.0 7.8 20.0 10:55am NE
9 22.7 30.3 03:25pm 17.8 07:20am 0.6 4.6 0.0 3.3 8.7 11:50am NE
10 22.9 27.5 12:40pm 18.4 05:40am 0.4 3.4 0.0 2.7 7.0 11:10am NNE
11 22.8 24.8 01:05pm 20.0 03:05am 0.0 2.4 11.4 6.0 17.4 05:15pm NE
12 24.7 29.8 04:45pm 19.7 06:25am 0.1 4.8 0.0 5.3 17.4 02:20am NE
13 24.7 30.6 04:45pm 19.1 05:50am 0.2 5.1 0.0 3.5 13.0 03:15pm NE
14 24.9 30.9 04:40pm 19.6 07:00am 0.1 5.4 0.0 2.9 9.6 01:55pm NNE
15 24.2 29.8 04:55pm 18.8 07:20am 0.3 4.6 0.0 3.1 9.6 02:15pm NNE
16 25.6 30.3 03:30pm 18.9 07:45am 0.3 4.9 0.0 2.9 9.6 04:10pm N
17 23.4 30.8 03:55pm 19.3 07:20am 0.2 5.2 0.0 4.2 14.8 04:45pm NNE
18 23.8 29.7 02:00pm 19.3 07:40am 0.2 4.7 0.0 3.5 8.7 10:50am NNE
19 22.4 27.4 04:40pm 18.6 04:30am 0.4 3.4 0.0 2.8 7.8 03:00pm NNE
20 20.7 25.0 11:30am 18.6 07:35am 0.4 2.2 2.0 2.3 8.7 07:30am NNE
21 20.0 26.7 03:45pm 17.3 07:20am 0.7 2.7 2.0 2.3 7.0 09:35pm NNE
22 18.8 21.7 05:10pm 17.2 03:25am 1.0 0.4 3.2 1.6 10.4 02:45pm NNE
23 19.4 23.3 03:20pm 16.6 03:45am 0.9 0.8 7.8 1.8 12.2 03:50pm N
24 20.7 25.1 02:35pm 18.5 05:45am 0.4 2.2 18.0 2.6 12.2 06:55pm NE
25 19.1 20.2 12:45am 17.7 07:05am 1.1 0.0 12.2 1.9 10.4 12:35am NNW
26
27
28
29
30
22.0 30.9 14 15.5 1 13.4 74.7 144.2 3.4 20.0 8 NNE
 Max >= 30.0: 5
 Max <=  0.0: 0
 Min <=  0.0: 0
 Max Rain: 60.4 on 2020-09-07
 Days of Rain: 9 (> 0.1 mm) 7 (> 2.5 mm) 5 (> 10.0 mm)
 Heat Base: 20.0 Cool Base: 20.0


Design

Scegli stile...

Unità

Lingua



Icone


Temperatura

Umidità

Pressione

Velocità del vento

Raffica di vento

Precipitazioni

Radiazione solare

Neve

Temperatura apparente

Punto di rugiada

UV

Visibilità

Base nuvolosa

Evapotraspirazione

Indoor temperature

Indoor humidity


Alba

Tramonto

Alba lunare

Tramonto lunare

Time

Menu

Dal

Al

Schermo intero

Esporta come immagine

Settings

Homepage

Webcam

Table

Grafico

Mappa

Costante

Aumento

Diminuzione

Avviso

Latitudine

Longitudine

Cronologia

Eclissi solare

Eclissi di luna

GPS

Elevation

Giorno

Mese

Anno

Alta temperatura

Bassa temperatura

Giorno

Notte

Primavera

Estate

Autunno

Inverno