Crea sito



MONTHLY CLIMATOLOGICAL SUMMARY for NOV 2020
 Davis Vantage VUE   PLACE: genoa, IT
 ELEV: 80 m   LAT: 44.46 N   LONG: 8.97 E
TEMPERATURE (°C), RAIN (mm), WIND SPEED (kmh)
DAY MEAN
TEMP
HIGH TIME LOW TIME HEAT
DEG
DAYS
COOL
DEG
DAYS
RAIN AVG
WIND
SPEED
HIGH TIME DOM
DIR
1 15.1 16.6 04:10pm 14.1 11:55pm 4.7 0.0 0.2 0.8 5.2 05:45pm NNE
2 15.6 17.2 11:25am 14.1 12:00am 4.4 0.0 0.2 1.2 8.7 12:35pm NNE
3 15.2 16.7 03:15pm 14.4 03:35am 4.5 0.0 4.2 0.6 2.6 11:10pm NNE
4 14.8 15.3 05:30pm 13.9 11:40pm 5.4 0.0 15.6 0.9 5.2 11:50pm NNE
5 15.1 19.2 02:55pm 11.9 11:55pm 4.5 0.0 0.0 3.8 13.0 09:50am NE
6 14.6 19.2 12:15pm 10.4 07:05am 5.2 0.0 0.0 4.7 16.5 01:45pm ENE
7 13.9 19.7 01:40pm 10.3 06:55am 5.0 0.0 0.0 3.6 12.2 04:45am NE
8 14.1 18.7 12:00pm 11.0 01:25am 5.2 0.0 0.0 2.6 6.1 02:30am NNE
9 14.6 19.3 02:40pm 12.0 06:35am 4.4 0.0 0.0 2.5 8.7 12:55pm NNE
10 13.7 19.7 01:30pm 10.4 06:55am 5.0 0.0 0.0 2.6 6.1 05:25am NNE
11 13.4 18.9 01:05pm 9.7 07:50am 5.7 0.0 0.0 2.3 7.0 06:05am NNE
12 13.7 16.4 02:00pm 12.1 03:45am 5.8 0.0 0.0 2.2 7.0 02:45pm NE
13 13.3 15.4 01:20pm 11.8 04:35am 6.4 0.0 1.2 3.0 8.7 11:00pm NE
14 13.0 14.9 01:05pm 10.6 11:50pm 7.3 0.0 0.2 4.0 13.0 03:40pm NE
15 12.5 14.6 01:10pm 10.3 01:15am 7.6 0.0 0.0 2.3 6.1 09:40pm NE
16 12.7 14.3 06:40pm 10.9 04:00am 7.4 0.0 4.8 6.7 21.7 10:00pm NE
17 12.9 17.9 01:05pm 9.5 08:50am 6.3 0.0 0.0 5.7 22.6 01:55am NE
18 11.1 16.6 02:15pm 7.2 07:20am 8.1 0.0 0.0 3.7 13.9 03:05am NE
19 11.2 16.9 02:25pm 6.9 05:50am 8.1 0.0 0.0 2.9 9.6 03:15pm NNE
20 12.2 15.4 12:35pm 6.9 11:20pm 8.9 0.0 0.0 7.7 32.2 05:20am NE
21 8.6 12.1 03:10pm 6.1 07:20am 10.9 0.0 0.0 4.1 14.8 11:25am NE
22 6.9 9.7 03:10pm 4.3 11:25pm 13.0 0.0 0.0 7.5 25.2 03:55am NE
23 7.8 13.7 03:00pm 3.6 02:30am 11.4 0.0 0.0 2.4 10.4 11:50pm NNE
24 7.5 9.1 12:10pm 6.1 07:30am 12.4 0.0 0.0 9.7 27.8 09:10am NE
25
26
27
28
29
30
12.6 19.7 10 3.6 23 167.0 0.0 26.4 3.6 32.2 20 NNE
 Max >= 30.0: 0
 Max <=  0.0: 0
 Min <=  0.0: 0
 Max Rain: 15.6 on 2020-11-04
 Days of Rain: 7 (> 0.1 mm) 3 (> 2.5 mm) 1 (> 10.0 mm)
 Heat Base: 20.0 Cool Base: 20.0


Design

Scegli stile...

Unità

Lingua



Icone


Temperatura

Umidità

Pressione

Velocità del vento

Raffica di vento

Precipitazioni

Radiazione solare

Neve

Temperatura apparente

Punto di rugiada

UV

Visibilità

Base nuvolosa

Evapotraspirazione

Indoor temperature

Indoor humidity


Alba

Tramonto

Alba lunare

Tramonto lunare

Time

Menu

Dal

Al

Schermo intero

Esporta come immagine

Settings

Homepage

Webcam

Table

Grafico

Mappa

Costante

Aumento

Diminuzione

Avviso

Latitudine

Longitudine

Cronologia

Eclissi solare

Eclissi di luna

GPS

Elevation

Giorno

Mese

Anno

Alta temperatura

Bassa temperatura

Giorno

Notte

Primavera

Estate

Autunno

Inverno